(-4) is divided by 28.
16
What is the remainder when 302 is divided by 8216/(-474)*6*-1?
94
Let s(j) = 278*j - 2896. What is the remainder when s(13) is divided by 149?
122
Suppose -b + 51 = 2*b. Let h(x) = 3*x**2 - 20*x + 14. Let r be h(6). Suppose 0 = 2*i - 3 - 3, 2*a + r = 4*i. What is the remainder when b is divided by a?
2
Let n(f) = 250*f - 500. Let l(r) = -r + 1. Let g(c) = 500*l(c) + n(c). Calculate the remainder when g(-1) is divided by 59 - (-3 - (-3 + 4)).
61
Let l be (6/(-4))/((-2)/(-12)). Let j(y) = -2*y**2 - 20*y + 5. Calculate the remainder when 126 is divided by j(l).
11
Suppose -7*c + 16131 - 16019 = 0. Let i(l) = 2*l**3 - l**2 - l + 1. What is the remainder when i(3) is divided by c?
11
Suppose -3*j - 665 = -a, 2*a - 3*j - 1132 - 219 = 0. Calculate the remainder when a is divided by 26.
10
Suppose -63*o - 61 = -2581. Calculate the remainder when 2236 is divided by o.
36
Let l(g) = g**2 + 8*g + 10. Let w be l(-4). Suppose -91*q - 60 = -96*q. Calculate the remainder when 3 - 1 - 258/w is divided by q.
9
Suppose -67*j + 16070 = 6757. Calculate the remainder when 416 is divided by j.
138
Let c be (-12)/30*(-320)/(-4). What is the remainder when -15*(72/c)/(15/12) is divided by 13?
1
Let v = 11654 + -11578. Calculate the remainder when 454 is divided by v.
74
Suppose -2*z - w + 210 = -5*w, 4*z + 3*w = 464. Suppose 81*b - 89*b + 2*r + 472 = 0, -b + 97 = -5*r. What is the remainder when z is divided by b?
56
Let b = 104 - 114. Let l(t) = 2*t**2 + 16*t + 58. Calculate the remainder when l(b) is divided by 5.
3
Suppose -w + 2*d + 10 = 0, -2*w - 2*d + 14 = -18. Calculate the remainder when -203*(24/w - (16 + -14)) is divided by 2.
0
Suppose -4*i + 6 = -2*r, -5*r - i = 4*i - 30. Suppose 4*f = 20, -2*f - r*f + 521 = 4*s. Let v = s + -86. What is the remainder when 149 is divided by v?
35
Let q = 57 + -53. Suppose -2*i + 18 = -q*l, 4*i + 12 = -0*i. What is the remainder when 91 is divided by (-4)/l + 268/12?
22
Let g = 2196 - -12851. What is the remainder when g is divided by 99?
98
Suppose -g = -4*u + 29, -2*u - 11 = 2*g - 3. Let f(s) = -3*s + 4. What is the remainder when f(g) is divided by 1/((-1 - (-20)/22)/(-1))?
9
Let h(b) = -b**3 - 7*b**2 + 10*b - 3. Let o be h(-7). Let k = o + 73. What is the remainder when (-32)/(k - 3/6) is divided by 11?
9
Let y(q) = -q**2 + 6*q + 95. Let u be -3*(5 + (-24)/9). Suppose -2*i = -2*m + 44, -m = -4*i - 19 - 18. What is the remainder when m is divided by y(u)?
1
Let c(h) = 6*h - h - 9*h - 81 - 4*h. Calculate the remainder when c(-29) is divided by 38.
37
Let w = -156 + 157. Calculate the remainder when 18 is divided by ((-18)/(-9))/(w/5).
8
Suppose x = 6, 0 = -2*r + 38*x - 42*x + 5612. What is the remainder when r is divided by 35?
29
Suppose s = 52 - 14. Calculate the remainder when 1554 is divided by s.
34
Suppose -3*r = -4*h + 2*h - 91, -2*r = -h - 59. Calculate the remainder when (1 + 7 + (82 - 89))/((-2)/(-154)) is divided by r.
23
Suppose 5 = d - 3*y, 62*d + 2*y + 57 = 65*d. Calculate the remainder when -2 - 7/(7/(-60)) is divided by d.
12
Let o be 15/(5 + (-54)/11). Let w = 172 - o. Calculate the remainder when 53 is divided by w.
4
Let d = 78 - 38. Suppose -20 - d = -15*i. Calculate the remainder when 21 is divided by i.
1
Suppose 5*p = r - 5*r + 2135, -5*p + 1605 = 3*r. Calculate the remainder when r is divided by 19.
17
Let s = 45 + 1. Let o(w) = -25*w + 181. What is the remainder when s is divided by o(7)?
4
Calculate the remainder when 8645/(-630)*9*(1 + -5) is divided by 32.
14
Suppose 71*l = 6269 + 14483 - 6765. What is the remainder when l is divided by 128?
69
Let k = 314 + -289. Suppose 165 = -k*v + 36*v. Calculate the remainder when 149 is divided by v.
14
Let q(c) = c**3 + 4*c**2 + c + 2. Let j be q(0). Calculate the remainder when 132 is divided by (4 - 12)/j - -18.
6
Let n be 90/24 + (-2)/(-8). Suppose -3*a = -c - 42, -2*a + 57 = a + n*c. Let y = 49 + -22. What is the remainder when y is divided by a?
12
Suppose 107*k + 30005 - 80509 = 0. Calculate the remainder when k is divided by 15.
7
Suppose -24 = -4*g - 3*c, -2*g + 3*g - 6 = c. Let b(y) = 3*y**2 + y + 1. Let s be b(-2). Suppose m = 4 + s. What is the remainder when m is divided by g?
3
Let c(v) = v**2 - 15*v + 140. Calculate the remainder when c(35) is divided by 83.
10
Suppose 16*w - 17*w + 21629 = 4*c, -w + 10811 = 2*c. What is the remainder when c is divided by 22?
19
Let r = 60 + -36. Let z be 12*r*(-2)/(-9). Suppose -2*o - z + 168 = 0. What is the remainder when o is divided by 15?
7
Suppose 0 = -d - r + 454 - 442, 2*r = 2. What is the remainder when 97 is divided by d?
9
Suppose -96 + 21 = -5*t. Let v = -5 + t. Let z(w) = -14*w - 1313. What is the remainder when z(-98) is divided by v?
9
Suppose 373 + 68 = 7*j. Let u = 94 - j. Suppose 0 = -2*h + 1 + u. Calculate the remainder when 60 is divided by h.
12
Let l = -137 + 130. Suppose -d + 55 + 142 = 2*x, 0 = 4*d + 4. What is the remainder when x is divided by ((-1 - l) + -9)*(-68)/6?
31
Let p = 35 + -75. Let u = -903 + 945. Let d = p + u. What is the remainder when 6 is divided by d?
0
Let d(x) = 549*x + 6159. Calculate the remainder when d(-10) is divided by 28.
25
Suppose -37*c = -32*c + z - 3581, 0 = c - 4*z - 691. What is the remainder when c is divided by 9?
4
Suppose -7880 = -10*o - 1690. Calculate the remainder when 2481 is divided by o.
5
Let j(x) = -4*x + 64. Let a be j(0). Suppose 33*d = 25*d + a. What is the remainder when 213 is divided by d?
5
Suppose 0 = 5*o - 8*o + 1233. Suppose -x + 1 = 0, -14*t + 111 = -9*t - 4*x. What is the remainder when o is divided by t?
20
Let p be 4/((-16)/1532)*(4 + -3). Let y = 396 + p. What is the remainder when 19 is divided by y?
6
Let f = -75 + 107. Suppose -155*c + 167*c = 4980. What is the remainder when c is divided by f?
31
Let n = 16 - -7. Suppose -17*t + n*t = 108. Calculate the remainder when 51 is divided by t.
15
What is the remainder when 10268 is divided by 4/18 - 41944/(-1926)?
16
Suppose -30*t = -39*t + 1134. What is the remainder when 394 is divided by t?
16
Suppose -3*z - 12 = 0, -5*g + 1307 = -7*z - z. What is the remainder when 1290 is divided by g?
15
Let g(q) = -q**3 + 231. Let i = 29217 + -29191. Calculate the remainder when g(0) is divided by i.
23
What is the remainder when (6 + -1)/(159/37842) is divided by 313?
251
Let n(b) = -298*b - 813. What is the remainder when n(-4) is divided by 190?
189
Suppose -129 = -4*d + 75. What is the remainder when -1 - -515 - (2/(-1))/((-226)/565) is divided by d?
50
Let p = 148 + -109. Suppose -5*z - 4*b + 75 = 0, 7*z - 3*z - b = p. Calculate the remainder when (-2)/12 + 373/6 is divided by z.
7
Let b(n) = -n**3 - 105*n**2 + 430*n - 125. Calculate the remainder when b(-109) is divided by 104.
9
Let j = -47 - 0. Let u = j + 55. Suppose -v + 20 = u*f - 3*f, -4*f = -8. Calculate the remainder when 25 is divided by v.
5
Let z(u) = 3 - 9*u**2 - 3*u - 6 + 9*u**2 - 5*u**3 - u**2. Let r = -19 - -17. What is the remainder when z(r) is divided by 11?
6
Let y be ((-7)/(-2) + (-13)/39)*6. Let t(h) = -3*h + 2*h**3 - 30*h**2 - 3*h**3 + y*h**2 - 1. What is the remainder when t(-11) is divided by 12?
8
Suppose -5*c + 55 = -0*c. Let v = -183 + 183. Suppose 0 = -v*k + k - 4, -k + 132 = 2*h. What is the remainder when h is divided by c?
9
Let c(m) = m + 1. Let l(v) = 61*v. Let j(r) = -2*c(r) - l(r). Let h be j(-1). Suppose 0 = -3*a + h - 28. What is the remainder when a is divided by 4?
3
Let x(y) = -3*y**2 + 15*y + 8. Let u be x(13). Let s = u + 454. Calculate the remainder when s is divided by 19.
17
Suppose d = v + 208 + 68, 2*d = 3*v + 559. Calculate the remainder when d is divided by 25.
19
Let x(p) = -p**3 + 9*p**2 - 11*p + 19. What is the remainder when 2/10 - (-2870)/25 is divided by x(3)?
35
Let x(m) = -204*m - 798. Calculate the remainder when 201 is divided by x(-4).
3
Let g be (-2 - 44/8)*10/(-3). Suppose 9 = -c + g. Calculate the remainder when (-4)/(3 - 2) + 49 is divided by c.
13
Let u = 2118 + -2104. What is the remainder when 501 is divided by u?
11
Let k be (-3*1172/(-12))/1. Suppose 5*y + k = 2*r, y = r + 3*y - 169. Calculate the remainder when r - (-1)/3*-9 is divided by 40.
36
Suppose -6 = -0*x - x. Let c = -227 + 371. Calculate the remainder when c is divided